m(c) = c**2 + 9*c + 14. Let i be m(-6). Give t(i).
11
Let d(v) be the third derivative of -v**6/120 - v**5/30 - v**4/6 - v**3/3 + 6*v**2. Calculate d(-2).
6
Let x(k) = k**3 + 4*k**2 + 2*k. Let i be x(-2). Let h(o) = -5 + 5*o**3 - i*o**2 + 0*o**2 - 4*o**3. Give h(4).
-5
Let b(g) = g**3 + 3*g**2 + g - 4. Let s = -3 + 0. Give b(s).
-7
Let u(m) be the second derivative of -5*m + 0*m**3 - 2*m**2 + 0 + 1/12*m**4. Let r = -6 + 3. Give u(r).
5
Let u = -9 - -6. Let x be -1*1/(u/9). Let w(n) = -2*n**2 + n**3 + n - 3 - n - 2*n. What is w(x)?
0
Suppose p - 28 = -30. Let i(k) be the second derivative of 1/3*k**4 + 1/10*k**5 + 2*k + 0 + 1/2*k**2 + 1/2*k**3. Determine i(p).
-5
Suppose 0*d + d = 4. Suppose -5*h - 19 = -4*n + 5, -4*n - d*h = 12. Let x be (-1 - (0 - n)) + -4. Let i(v) = -v - 3. Calculate i(x).
1
Suppose -2*l - 13 = 4*k + 3*l, 4*k = 2*l + 22. Suppose 5*p - 9 = 2*v - v, k*p - 3*v = 3. Let a(u) = 5*u. Determine a(p).
10
Let w(b) = -7 + 18*b - 6 - 17*b. Calculate w(6).
-7
Let a(y) be the third derivative of y**5/60 + 7*y**4/24 + 47*y**2. Calculate a(-6).
-6
Suppose -4*f - 24 = 2*f. Let v(w) = -w**2 - 10*w - 5. Give v(f).
19
Suppose -1 = -2*i + 1. Let w be (-1)/i*(-3 + 0). Suppose -4*z = -4*n + 8, w*n + 10 = -n - 5*z. Let r(l) = l - 1. What is r(n)?
-1
Suppose 3*m - 1 = 5. Let x(u) = 3 + 0 - u - 5. What is x(m)?
-4
Suppose 0 = 8*a - 3*a - 20. Suppose 0 = -5*v - 19 + a. Let p be (-2 - v)*1 + 0. Let y(x) = 7*x + 1. Calculate y(p).
8
Let q(u) = -u**2 + 2*u + 1. Let g be q(4). Let l(x) = -x**2 - 6*x + 4. Calculate l(g).
-3
Let j(a) = 0 + 2*a + 0. Suppose -4*o - o = 3*k + 66, 2*k + 60 = 2*o. Let q = k - -29. Calculate j(q).
4
Suppose 30 = 5*p + f - 5*f, 3*p - 11 = f. Let x(j) = j**3 + j**2 - 2*j + 3. What is x(p)?
11
Suppose -4*t = -22 + 2. Let h(q) = q**2 + 3*q + 3 + 6 + 2*q - t. Determine h(-4).
0
Let p(w) = w**3 - 10*w**2 + w - 12. Let g(x) = 2*x**2 - 38*x + 10. Let k be g(19). Give p(k).
-2
Let y(n) = -3*n - 11*n**2 + 2 + 10*n**2 + n. What is y(3)?
-13
Let t(b) = -b**2 - 4*b + 2. Suppose -3*l = -4 + 13, 3*d = 2*l + 6. Suppose 3*u - 8*u = 5*c - 35, d = -4*u + c + 8. Suppose -2 - u = x. Give t(x).
-3
Let y(o) = -3*o**3 + o. Let g be 3 + -2 + 3 + -8. Let d = 9 + g. Suppose 11*i - d = 6*i. Calculate y(i).
-2
Let o(k) = 5 - 6*k**2 - 6 + 5*k**2 - 8*k**2. Let s(m) = -17*m**2 - 2. Let a(h) = 5*o(h) - 3*s(h). What is a(1)?
7
Suppose -3 = -p - 9. Let z(d) = 4*d**3 + 5*d**2 - 6*d - 6*d**3 + 3*d**3 - 1. Calculate z(p).
-1
Let v(l) = -l**2 + 8*l - 8. Let p be v(7). Let x(k) = k**2 + 2*k + 5. Let c(j) be the first derivative of -j**2/2 - 2. Let s(w) = p*x(w) - 5*c(w). Give s(4).
-9
Suppose 2*a = m, -3*m + 9 = m + a. Let v(y) = 0 - m*y + 0*y - 6 + 2. Calculate v(-3).
2
Let w(x) = -4*x - 8. Let n(f) = 5*f + 9. Let y(b) = 5*n(b) + 6*w(b). Calculate y(-7).
-10
Let w be (-2)/(-5) - (-54)/(-10). Let f(c) be the first derivative of c**3/3 + 5*c**2/2 + 5*c + 6. What is f(w)?
5
Let h = -32 - -25. Let q(n) = -n - 14. Give q(h).
-7
Let x be (-1)/4 + 52/16. Suppose -x*k - 4 - 5 = 0. Let y(q) be the first derivative of q**4/4 + 2*q**3/3 - 2*q**2 + q + 4. Calculate y(k).
4
Suppose -24 = 4*d - 0. Suppose p = 4*g + g - 6, 3*g + 2 = -5*p. Let a = d - p. Let m(j) = j + 2. Give m(a).
-3
Let c(r) = r**2 - 8*r + 7. Let i be c(7). Suppose 3*t = 2*b + 1, 2*t - 7 = -2*b + 17. Let h(k) = b + 0 + 2*k - k. Give h(i).
7
Let r(s) be the second derivative of -s**5/20 - s**4/12 + s**3/3 - s**2/2 + 10*s. Let b(z) = -z**3 - 3*z**2 + 1. Let a be b(-3). Give r(a).
-1
Let x = 3 + -6. Let j(u) be the third derivative of 0 - 5/24*u**4 - 7*u**2 - 1/60*u**5 - 1/6*u**3 + 0*u. Calculate j(x).
5
Let b(i) = -i**3 + 4*i**2 + 4*i - 6. Suppose -4*h + h + 12 = -4*r, -3*h - 3*r + 12 = 0. Suppose 0 = 2*g - h*g + 10. Give b(g).
-11
Let n = 6 - 3. Let r(t) = -2*t + 1 - n + 3*t - 2*t. Determine r(5).
-7
Let i(k) = 0*k + 3 + 3 - k - 7. Give i(-4).
3
Let g = -84 - -85. Let p(l) = 12*l. Calculate p(g).
12
Let h(y) be the second derivative of -y**3/3 - 5*y**2/2 + 5*y. Determine h(-5).
5
Let b = 12 - 6. Let x = -8 + 12. Suppose 2 = x*l + b. Let q(i) = -9*i**2. What is q(l)?
-9
Let l(s) = 44 - 51 - 100*s + 98*s. Suppose 2*q + 3*q = 20. Let o = -2 - q. Calculate l(o).
5
Let t(g) = g - 1. Let p = -12 + 3. Let h be (-6)/9 - (-48)/p. Let f be (2 - 1) + h + 0. Calculate t(f).
-6
Let g(q) = -3*q + 5. Let i(b) = -b + 2. Let z(j) = 3*g(j) - 7*i(j). What is z(-1)?
3
Let s(b) = 4*b**2 + b. Suppose 2*i - 4*p + 22 = 0, 5*p - 23 = 2. Calculate s(i).
3
Let o(q) = -q**3 + 4*q**2 + 5*q - 1. Let p(m) = -m**2 - 3*m - 1. Let y be p(-3). Let x be 5*(y - 2*-1). Suppose 0*n = -x*n + 25. Give o(n).
-1
Let z(b) be the first derivative of 0*b + 3 + 1/360*b**6 - 1/12*b**4 + 0*b**2 - 1/60*b**5 + 2/3*b**3. Let q(d) be the third derivative of z(d). Determine q(3).
1
Let b(n) = -5 + n**3 + 1 + 0*n**3 + 5*n + 6*n**2. Let o(z) = 2*z + 13. Let i(x) = -x - 1. Let s(u) = 4*i(u) + o(u). Let c be s(7). Give b(c).
-4
Let o be 3/(-4) - (-4)/(-16). Let n(i) = -8*i**3 + 3*i**2 - 2*i - 1. Let t(w) = 17*w**3 - 7*w**2 + 5*w + 2. Let g(m) = 5*n(m) + 2*t(m). Give g(o).
6
Suppose 3*w - 5*w = -14. Suppose w*g - 21 = 4*g. Let o(b) = b**3 - 6*b**2 - 8*b + 3. Determine o(g).
-4
Let p(d) = -7*d**3 - 8*d**2 + 19*d - 3. Let o(k) = -10*k**3 - 12*k**2 + 28*k - 4. Let n(a) = -5*o(a) + 7*p(a). What is n(-5)?
9
Let h(g) = -g**2. Let y(k) = -14*k**3 - 3*k**2 - 1. Let o(c) = -3*h(c) + y(c). What is o(1)?
-15
Let l(b) = -b**3 - b**2 + 32. Let u be l(0). Let h(k) = 32 - 3*k**3 - u. Suppose 5 = 5*w + 10. Determine h(w).
3
Let a(y) be the third derivative of y**6/120 + y**5/30 + y**4/12 + y**3/6 - 11*y**2. Determine a(-3).
-14
Let x(k) = k**3 - k**2 + k + 3. Let p = -15 - -15. Suppose p = c + 2*i - 10, 0*c - 5*c = 2*i - 10. Determine x(c).
3
Let c(m) = 8*m**2 - m - 21*m**2 + 16*m**2. Let b(u) = -u**2 + 2. Let i be b(0). Determine c(i).
10
Let b(x) be the first derivative of -3/2*x**2 - 2/3*x**3 - 2 - 4*x + 1/4*x**4. Let u be (-4 + -2)/(1 + -3). Calculate b(u).
-4
Suppose -5*c = 3 + 32. Let f = c - -10. Let x(g) = -5*g + 4. Let s(b) = -b. Let z(o) = 4*s(o) - x(o). Give z(f).
-1
Let h(s) = s**3 + 6*s**2 + 5*s + 7. Let v(f) = f + 3*f**2 + 4*f**2 - 1 - 5*f**2. Let b be v(-2). Suppose -2*a - 35 = b*x, -x - 2*x = -5*a - 10. Give h(a).
7
Let g(h) be the third derivative of h**4/6 - h**3/3 + 2*h**2. Let s = -15 + 17. Determine g(s).
6
Let c(j) = -5*j**2 - 2*j + 1. Let q be 104/28 + (-2)/(-7). Suppose 2*r - q = -2*r. Calculate c(r).
-6
Let d(a) = -5 - 3*a**2 - 7*a + a**2 + a**2. Determine d(-4).
7
Let l(a) be the first derivative of a**4/4 + 5*a**3/3 - 3*a**2 - 6*a + 3. Let q = -8 - -2. What is l(q)?
-6
Let w = -27 + 26. Let j(x) = 26*x**3 - 2*x**2 - x. What is j(w)?
-27
Let k(w) = -w + 9. Let y(o) = 1. Let r(l) = k(l) - 3*y(l). Let b(s) = -s + 11. Let v be b(8). Let u = v + -3. Give r(u).
6
Let f(i) be the first derivative of -i**3/3 + i - 1. Suppose -2*c + 4*b + 12 = 0, 2*b + 3 = -c + 1. What is f(c)?
-3
Let t(i) = -6*i**2 + 0 + 9*i + 19*i**2 + 6 - 12*i**2. Calculate t(-7).
-8
Let n(i) be the first derivative of i**4/4 + i**3/3 - i**2/2 - 9*i - 70. Suppose -5*t = -2*v - 15, -3*v - 5*t + 15 + 0 = 0. Calculate n(v).
-9
Let t(w) = 15*w - 24. Let u(z) = -7*z + 11. Let k(d) = -6*t(d) - 13*u(d). Determine k(-3).
-2
Let q(v) = -v**2 - 4*v + 6. Suppose 0 = -i - 4*i - 5. Let a = i - 4. Determine q(a).
1
Suppose 0 = r + 4*t + 4, -1 = -r - 2*t + 3*t. Let z(x) = x - 4*x - 1 + 5 + r*x. Calculate z(-4).
16
Let j(r) = -3*r**2 + 2*r + 1. Suppose -10 = -5*z - 0. Give j(z).
-7
Suppose 4*k - 7 = 9. Let p(g) = -g**3 + 5*g**2 - 3*g + 3. Give p(k).
7
Let v(n) = n + 2. Let w(j) = j**3 - 10*j**2 - 11*j. Let p(b) = b**3 - 11*b**2 - 12*b. Let f = 3 - 7. Let u(y) = f*p(y) + 5*w(y). Let d be u(7). Calculate v(d).
2
Let n = 10 - -2. Let z be (n/10)/(3/(-10)). Let q(o) = -2*o - 4. Calculate q(z).
4
Let o be 2*8 - (-2 - 0). Let k be (-1)/4 - 39/(-12). Suppose k*m = -3*w + o, -2*w + m = -0*m - 9. Let v(c) = -c**3 + 5*c**2 - 6. Determine v(w).
-6
Suppose 16 = 4*g + 2*j + 40, 3*j + 6 = 0. Let o(k) = k + 4. Let h be o(g). Let n(c) = -4 + 7*c + 1 + 3. Give n(h).
-7
Let h(d) = d**3 - d + 0*d**2 - d**2 - 1 + 4*d. Give h(2).
9
Let d(k) = -5*k**2 - 4*k - 8. Let w(i) = 9*i**2 + 8*i + 15. Let f(r) = -7*d(r) - 4*w(r). Determine f